5.
34
Calculate the remainder when 3457 is divided by 182.
181
What is the remainder when 4285 is divided by 105?
85
What is the remainder when 113 is divided by 32?
17
Calculate the remainder when 286 is divided by 96.
94
What is the remainder when 138 is divided by 29?
22
Calculate the remainder when 481 is divided by 120.
1
What is the remainder when 219 is divided by 112?
107
What is the remainder when 1048 is divided by 70?
68
Calculate the remainder when 241 is divided by 80.
1
Calculate the remainder when 501 is divided by 91.
46
What is the remainder when 370 is divided by 15?
10
Calculate the remainder when 484 is divided by 160.
4
Calculate the remainder when 2093 is divided by 175.
168
What is the remainder when 80 is divided by 24?
8
Calculate the remainder when 54 is divided by 28.
26
Calculate the remainder when 1456 is divided by 433.
157
Calculate the remainder when 90 is divided by 33.
24
What is the remainder when 1018 is divided by 126?
10
What is the remainder when 64 is divided by 14?
8
Calculate the remainder when 145 is divided by 32.
17
Calculate the remainder when 470 is divided by 155.
5
What is the remainder when 196 is divided by 50?
46
Calculate the remainder when 1862 is divided by 65.
42
Calculate the remainder when 260 is divided by 12.
8
Calculate the remainder when 111 is divided by 41.
29
What is the remainder when 176 is divided by 77?
22
What is the remainder when 406 is divided by 39?
16
What is the remainder when 1069 is divided by 10?
9
Calculate the remainder when 142 is divided by 50.
42
What is the remainder when 30 is divided by 11?
8
What is the remainder when 68 is divided by 35?
33
Calculate the remainder when 150 is divided by 31.
26
Calculate the remainder when 4588 is divided by 41.
37
What is the remainder when 208 is divided by 187?
21
What is the remainder when 6079 is divided by 1013?
1
What is the remainder when 1485 is divided by 48?
45
What is the remainder when 523 is divided by 27?
10
Calculate the remainder when 42646 is divided by 25.
21
What is the remainder when 84 is divided by 68?
16
Calculate the remainder when 292 is divided by 25.
17
Calculate the remainder when 91 is divided by 25.
16
Calculate the remainder when 3869 is divided by 22.
19
Calculate the remainder when 130 is divided by 52.
26
What is the remainder when 50 is divided by 8?
2
What is the remainder when 282 is divided by 34?
10
Calculate the remainder when 299 is divided by 12.
11
What is the remainder when 8711 is divided by 9?
8
Calculate the remainder when 2247 is divided by 9.
6
What is the remainder when 609 is divided by 77?
70
What is the remainder when 260 is divided by 53?
48
What is the remainder when 387 is divided by 148?
91
Calculate the remainder when 695 is divided by 52.
19
What is the remainder when 443 is divided by 62?
9
What is the remainder when 71 is divided by 45?
26
Calculate the remainder when 291 is divided by 290.
1
Calculate the remainder when 32 is divided by 21.
11
What is the remainder when 43 is divided by 6?
1
Calculate the remainder when 4925 is divided by 1637.
14
What is the remainder when 297 is divided by 75?
72
Calculate the remainder when 723 is divided by 6.
3
What is the remainder when 294 is divided by 102?
90
What is the remainder when 5572 is divided by 12?
4
Calculate the remainder when 71169 is divided by 10.
9
What is the remainder when 183 is divided by 10?
3
Calculate the remainder when 453 is divided by 120.
93
Calculate the remainder when 247 is divided by 9.
4
Calculate the remainder when 4212 is divided by 156.
0
Calculate the remainder when 9377 is divided by 113.
111
Calculate the remainder when 327 is divided by 7.
5
What is the remainder when 68 is divided by 16?
4
What is the remainder when 4742 is divided by 1580?
2
What is the remainder when 88 is divided by 46?
42
Calculate the remainder when 133 is divided by 123.
10
What is the remainder when 385 is divided by 114?
43
What is the remainder when 86 is divided by 28?
2
What is the remainder when 4197 is divided by 40?
37
What is the remainder when 137 is divided by 11?
5
What is the remainder when 197 is divided by 2?
1
What is the remainder when 597 is divided by 305?
292
Calculate the remainder when 403 is divided by 58.
55
What is the remainder when 8361 is divided by 94?
89
Calculate the remainder when 43 is divided by 15.
13
Calculate the remainder when 2697 is divided by 36.
33
Calculate the remainder when 3782 is divided by 315.
2
What is the remainder when 12538 is divided by 11?
9
Calculate the remainder when 2318 is divided by 8.
6
What is the remainder when 114 is divided by 15?
9
Calculate the remainder when 290 is divided by 51.
35
Calculate the remainder when 3868 is divided by 12.
4
What is the remainder when 187 is divided by 4?
3
What is the remainder when 483 is divided by 184?
115
Calculate the remainder when 295 is divided by 74.
73
Calculate the remainder when 878 is divided by 235.
173
What is the remainder when 870 is divided by 126?
114
What is the remainder when 263 is divided by 256?
7
What is the remainder when 582 is divided by 45?
42
Calculate the remainder when 1545 is divided by 17.
15
Calculate the remainder when 87 is divided by 3.
0
What is the remainder when 74 is divided by 45?
29
What is the remainder when 5020 is divided by 7?
1
What is the remainder when 130 is divided by 29?
14
Calculate the remainder when 6046 is divided by 72.
70
Calculate the remainder when 1853 is divided by 124.
117
Calculate the remainder when 946 is divided by 103.
19
What is the remainder when 263 is divided by 22?
21
What is the remainder when 381 is divided by 35?
31
Calculate the remainder when 7416 is divided by 106.
102
What is the remainder when 3157 is divided by 25?
7
What is the remainder when 1538 is divided by 206?
96
Calculate the remainder when 103 is divided by 55.
48
What is the remainder when 132 is divided by 27?
24
Calculate the remainder when 67 is divided by 7.
4
What is the remainder when 79 is divided by 34?
11
Calculate the remainder when 235 is divided by 59.
58
What is the remainder when 4952 is divided by 260?
12
What is the remainder when 468 is divided by 18?
0
What is the remainder when 325 is divided by 109?
107
Calculate the remainder when 10080 is divided by 2520.
0
What is the remainder when 122 is divided by 64?
58
What is the remainder when 564 is divided by 21?
18
What is the remainder when 431 is divided by 46?
17
Calculate the remainder when 557 is divided by 56.
53
Calculate the remainder when 778 is divided by 71.
68
What is the remainder when 8134 is divided by 113?
111
What is the remainder when 363 is divided by 347?
16
Calculate the remainder when 2590 is divided by 81.
79
Calculate the remainder when 44 is divided by 17.
10
Calculate the remainder when 692 is divided by 58.
54
Calculate the remainder when 1837 is divided by 92.
89
What is the remainder when 382 is divided by 61?
16
What is the remainder when 208 is divided by 47?
20
Calculate the remainder when 287 is divided by 6.
5
What is the remainder when 2903 is divided by 3?
2
Calculate the remainder when 159 is divided by 20.
19
Calculate the remainder when 1256 is divided by 60.
56
Calculate the remainder when 74 is divided by 16.
10
What is the remainder when 226 is divided by 29?
23
Calculate the remainder when 21225 is divided by 13.
9
What is the remainder when 682 is divided by 75?
7
What is the remainder when 26207 is divided by 7?
6
Calculate the remainder when 3839 is divided by 15.
14
What is the remainder when 256 is divided by 33?
25
What is the remainder when 92 is divided by 68?
24
Calculate the remainder when 1149 is divided by 44.
5
What is the remainder when 1312 is divided by 66?
58
What is the remainder when 305 is divided by 62?
57
What is the remainder when 4921 is divided by 17?
8
What is the remainder when 453 is divided by 24?
21
What is the remainder when 6089 is divided by 174?
173
What is the remainder when 4881 is divided by 37?
34
What is the remainder when 37 is divided by 6?
1
Calculate the remainder when 2914 is divided by 27.
25
Calculate the remainder when 390 is divided by 316.
74
What is the remainder when 84 is divided by 31?
22
What is the rema